. What are the prime factors of b?
2, 3
Let f be 0 - 8/(-2 - 2). Suppose 0 = x + c - 21, f*x - 2*c - 27 = -5. List the prime factors of x.
2
Let o = -52 - -94. Suppose 3*z + 4*a = o, -4*z + 13 = -3*z + a. List the prime factors of z.
2, 5
Let g be 1/(2 + 116/(-60)). Suppose -4*p = p - g. What are the prime factors of p?
3
Let s be -2*(-5)/((-20)/(-154)). Suppose 0 = 2*v - 0*v - 5*q - s, q = v - 31. What are the prime factors of v?
2, 13
Let u(s) = -5*s + 2. List the prime factors of u(-4).
2, 11
Let r be 5/(-2)*(-8)/5. Suppose -r*n + 29 = 1. Suppose o - 16 + n = 0. What are the prime factors of o?
3
Let i(s) be the first derivative of s**6/360 + s**5/120 + s**4/24 + 2*s**3/3 + 1. Let a(w) be the third derivative of i(w). List the prime factors of a(-3).
7
Suppose -3*d + 2*d - 11 = 0. Let k = d + 16. Suppose s - 21 = k*p, 2*p - p + 13 = s. What are the prime factors of s?
11
Let s be 0 + (-1 - -2*2). Suppose 246 = s*q - 0*q. What are the prime factors of q/6 + 1/3?
2, 7
Let y = 828 - 559. List the prime factors of y.
269
Suppose 3*v = -h - 47 + 120, -v = 2. What are the prime factors of h?
79
Let q = 7 + -5. Suppose -1 = -q*i + 5. What are the prime factors of i?
3
Let z = 59 - -76. What are the prime factors of z?
3, 5
Let s = -11 - -12. Let g(j) be the first derivative of 3*j**2 - j - 1. List the prime factors of g(s).
5
Let y(h) = -h + 3. Let v be y(3). Let r be (5/5)/(-1) + 28. Suppose v = 2*b + b - r. List the prime factors of b.
3
Let q(z) = z**3 + z**2 - 5*z + 3. Let y be q(3). Suppose -2*l + 2*s - y = l, 5*l = -5*s - 65. List the prime factors of (-16)/(-20)*l/(-4).
2
Suppose -4*j = 4*n - 4, -j - n = 2*j - 1. Suppose 9 = p - j*p. List the prime factors of p.
3
Suppose 0 = -s - 3*d + 60, 5*s - 189 = -3*d + 51. List the prime factors of s.
3, 5
Let g(i) = i**3 - i**2 + 2. Let q be g(0). Suppose -q*j - 2*j = 0. Suppose 5*a - 3*o - 21 = j, -14 = -3*a - a + o. List the prime factors of a.
3
Suppose 2*j - 475 = 65. What are the prime factors of j?
2, 3, 5
Let p = -20 + 32. List the prime factors of (-8)/p + 100/6.
2
Let m(w) = 3*w**2 - 4*w + 13. List the prime factors of m(8).
173
What are the prime factors of (-178)/(-3) + 10/15?
2, 3, 5
Let v(c) = c. Let o be v(6). Suppose p + 61 = 4*j, -j + o + 14 = -5*p. Suppose -5*d - j = -i + 9, 4*d = -4*i. List the prime factors of i.
2
Suppose -2*h + 39 = 1. Suppose -11 = -3*x + 4*i, -2*i - 18 = -x - 3*x. Suppose 2*t + 2 = -x*m + h, 2*t = 2*m + 24. List the prime factors of t.
11
Suppose 2*u - 6 = -30. What are the prime factors of (-2)/((10/u)/5)?
2, 3
Let l(w) = -w**3 + 4*w**2 + 3*w - 3. Let b be l(4). List the prime factors of -1 + b - 0/(-11).
2
Suppose -2*o = 4*a - 30, -2*a - 5 - 10 = -5*o. What are the prime factors of o?
5
Let f = 9 + -4. Suppose 2*k - 2*c - 6 = 0, -4*k + k + f*c + 1 = 0. What are the prime factors of k?
7
Suppose 1 = i - 1. Suppose i*y = -3*y - 40. List the prime factors of (-4)/16 + (-26)/y.
3
Let x = -8 + 6. List the prime factors of (-1)/1 + x + 6.
3
Let o be 55/(-20) - 1/4. Let d = 15 + o. What are the prime factors of d + 2 + 0 + 0?
2, 7
Suppose -5*o = 2*x - 19, 2*o + 3*o - 5*x - 5 = 0. Suppose 15 - 48 = -o*v. What are the prime factors of v?
11
Suppose 0 = -2*t - 0*t + 8. Let r(u) = u**2 - 5*u + 4. Let d be r(t). Suppose d = 5*k - 12 - 13. What are the prime factors of k?
5
Suppose 0 = -b - 4 - 3. What are the prime factors of 2 - (b + 2 + -3)?
2, 5
Let g be (106/4)/((-2)/4). Let j = g - -91. List the prime factors of j.
2, 19
Let s(a) = 0*a + 4 + a + 3*a. Let c(n) = -n - 1. Let q(i) = -9*c(i) - 2*s(i). List the prime factors of q(1).
2
Let u(m) = -m**2 - 7*m - 7. Let d be u(-5). Suppose -4*t + d*q + 38 = -67, -t + 5*q + 22 = 0. What are the prime factors of t?
3
Let t be (-7)/(-5) - (-12)/(-30). Suppose -5*m = -5*x - 0*x + 40, -3*m - 10 = -x. Suppose l = x + t. What are the prime factors of l?
2
Suppose -116 = -r + p - 17, 0 = 2*p + 4. List the prime factors of r.
97
Suppose -3*w = w + 2*m, -2*w = 5*m + 8. List the prime factors of ((-3)/4)/(w/(-8)).
2, 3
What are the prime factors of 142 + -3 + (-10)/(-5)?
3, 47
Let q = 42 - -23. List the prime factors of q.
5, 13
Let k(r) = 2*r - 8*r - 3 + 16*r. List the prime factors of k(2).
17
Let v(w) = w**2 + 9*w + 10. Let f be v(-7). Let b(m) = -m**2 + 6*m - 6. Let g be b(6). What are the prime factors of (f/g)/(16/264)?
11
Let j = -7 + 1. Suppose -3*u + 39 = 3*h, u - 2*h = h + 17. Let n = j + u. List the prime factors of n.
2
Suppose 3*c + 3 = 0, -4*d + 4*c + 14 = -2. Suppose z - 40 = -d*z. List the prime factors of z.
2, 5
Let z(o) = -16*o + 2. Let l(r) = -r. Let a(g) = -10*l(g) + z(g). List the prime factors of a(-9).
2, 7
Suppose 3*y - z = 398, -236 = -4*y - z + 304. List the prime factors of y.
2, 67
Suppose -l - 50 = -3*l - 4*p, 3*l + 4*p - 79 = 0. What are the prime factors of l?
29
Suppose 4*w + 33 = 5*p, -5*w - 5 = p - 0*p. What are the prime factors of p?
5
Let o = 9 - 4. Suppose -o*j - 34 + 94 = 0. List the prime factors of j.
2, 3
Suppose z = 7 - 0. Let j be z*(-5)/(70/24). Let i = -1 - j. List the prime factors of i.
11
Let p(g) = 3*g + 1. Suppose 0*y + 12 = 4*y. What are the prime factors of p(y)?
2, 5
Let j(r) be the third derivative of r**6/120 - r**5/60 + 2*r**3/3 + 4*r**2. List the prime factors of j(0).
2
List the prime factors of (0 - 3/(-9))*669.
223
Let h(i) = -8*i + 14 - i + 8*i. Let l be h(11). Suppose -4*c = -16, 5*m + c - 71 = -l*c. List the prime factors of m.
11
Suppose 2*y + 150 = 5*v, 4*v - 148 = -2*y - 2*y. List the prime factors of v.
2
Suppose -4*w + 586 + 174 = 4*f, -5*w = -3*f - 942. What are the prime factors of w?
3, 7
Suppose -3*r - 76 = -5*r. List the prime factors of r.
2, 19
Let p(y) = y**3 - y**2 - 8. Let d be p(0). Let w = 4 + d. Let h = w - -7. List the prime factors of h.
3
Suppose a - 18 - 11 = 0. List the prime factors of a.
29
Let r(m) = -m + 1. Let k be r(-4). Let f = k + -2. Suppose -3*h - 4*g + 26 = 0, -f = g - 2. What are the prime factors of h?
2, 5
Suppose 0 = -h - 3*p - 1, 2*h - 3 - 5 = -4*p. Suppose -2*x + 5*n = -51, 0 = 5*x - n - 0*n - 116. Let m = x - h. What are the prime factors of m?
3
Suppose 3*w = z + w, -z + w = -4. What are the prime factors of ((-8)/3)/(z/(-12))?
2
Let y = -388 - -676. What are the prime factors of y?
2, 3
Suppose -7 + 1 = -2*v. Let j(q) = 4*q**3 - 3*q**2 + 2*q + q + q**v - 6*q**3. List the prime factors of j(-4).
2
Let f(b) = -55*b - 1. Let c be f(1). Let t = c - -87. What are the prime factors of t?
31
Suppose -l = 4*q - 4*l - 13, -l = -5*q + 19. What are the prime factors of q?
2
Suppose -2*w = -4*w + 66. What are the prime factors of w?
3, 11
Suppose 3*f + 9 = 96. Let i = f - 17. What are the prime factors of i?
2, 3
Suppose 0 = 3*v - 6 - 18. Suppose x = 4*x - 9. Let o = v - x. List the prime factors of o.
5
Suppose 0 = 3*l - 15 - 0. Suppose -k = -3*q + 13, 2*k - 7 = -q + 2. Suppose -a + 4*f + l = k, -3*f = -4*a + 38. What are the prime factors of a?
11
Let a = 82 - 55. Let t(u) = -2*u**2 + 6*u + 4. Let j be t(5). Let l = j + a. List the prime factors of l.
11
Let n = -9 - -114. List the prime factors of n.
3, 5, 7
Suppose -3*x - 30 = 2*x. Let u = x - -14. Let c = 24 - u. What are the prime factors of c?
2
Suppose 11 = 3*y - 1. Let l = 23 - y. List the prime factors of l.
19
Let w = 21 + -13. What are the prime factors of w?
2
Let d = -11 + 94. List the prime factors of d.
83
Let h(n) = 3*n - 4. Suppose 3*r - 11 = -0*r + p, 5*r = 3*p + 21. Let b be h(r). Suppose 5*m + 50 = 4*k, -5*k - b*m = -3*m - 46. What are the prime factors of k?
2, 5
Let x(j) = j**2 - 2*j - 1. Let p be x(-1). Suppose p*t - 50 = -0*t. Suppose 0 = 2*q + 2*s - s - 15, 4*q + 3*s - t = 0. List the prime factors of q.
2, 5
Let y = 21 - -10. What are the prime factors of y?
31
Let o be 4 + -4 - (0 + -13). Let z = 11 + o. What are the prime factors of z?
2, 3
Suppose -4*a + s = 5*s - 44, 3*a = 2*s + 8. Let b = -28 - -44. Suppose -a*d + b = -2*d. List the prime factors of d.
2
Suppose -5*u = 5*m - 70, 3*u - 54 = 3*m - 0. Let x(q) = -3*q + 66. Let s be x(21). Suppose -u - 17 = -s*f. What are the prime factors of f?
11
Let m(p) = -3*p - 7. Let b = -8 - -3. List the prime factors of m(b).
2
Suppose 16*c - 19*c = -78. List the prime factors of c.
2, 13
Let x(h) = -40*h**3 - 2*h**